{"id":3998,"date":"2023-02-15T17:33:04","date_gmt":"2023-02-15T16:33:04","guid":{"rendered":"https:\/\/alpenarte.eu\/artists\/miriam-helms-aalien\/"},"modified":"2023-04-20T16:15:40","modified_gmt":"2023-04-20T14:15:40","slug":"miriam-helms-aalien","status":"publish","type":"artists","link":"https:\/\/alpenarte.eu\/en\/artists\/miriam-helms-aalien\/","title":{"rendered":"Miriam Helms \u00c5lien"},"content":{"rendered":"<p>Praised for her &#8220;exceptional musicality&#8221; and &#8220;maturity beyond her years,&#8221; Miriam Helms \u00c5lien is one of Norway&#8217;s most exciting young artists of recent years. Born in Alta, Norway, she began playing the violin at the age of six. Since her debut as a soloist at the age of eight, she has performed with numerous Norwegian orchestras as well as orchestras in Denmark, Germany, Israel, Italy, Russia and the Czech Republic. Her recent performances include appearances with the Bergen Philharmonic Orchestra, Trondheim Symphony Orchestra, Norwegian Radio Orchestra, Arctic Philharmonic, Israel Netanya Orchestra, Norwegian Chamber Orchestra, Czech Philharmonic Orchestra Pardubice, Troms\u00f8 Symphony Orchestra, Arkhangelsk Chamber Orchestra and Oslo Camerata.<\/p>\n<p>A dedicated and passionate chamber musician, Miriam Helms \u00c5lien has been invited to perform at numerous festivals, including the Bergen International Festival, Kissinger Sommer, Beethoven Week Bonn, Verbier Festival &amp; Academy, Chamber Music Connects the World in Kronberg, Open Chamber Music in Prussia Cove, and the international chamber music festivals in Oslo, Trondheim and Ris\u00f8r. She has also collaborated with renowned artists such as Andr\u00e1s Schiff, Gidon Kremer, Tabea Zimmermann, Radovan Vlatkovic, Steven Isserlis and Dora Schwarzberg. Miriam Helms \u00c5lien has already appeared in well-known concert halls such as the Wigmore Hall and the Norwegian Opera House. She is also a regular guest on international television and radio programs.<\/p>\n<p>In 2012, the young violinist received the prestigious &#8220;Princess Astrid Music Prize&#8221;. Already in 2007 she won the 1st prize as well as the &#8220;Grand Prix&#8221;, the &#8220;EMCY Prize&#8221; and the &#8220;B\u00e4renreiter Prize&#8221; at the &#8220;Kocian Violin Competition&#8221; in the Czech Republic. In addition, Miriam Helms \u00c5lien was awarded the &#8220;Sparre Olsen Prize&#8221; in 2009 and the &#8220;Norwegian Music Publishers Prize of Honour&#8221; the following year, and was named Norway&#8217;s &#8220;Young Musician of the Year 2010&#8221;. She was selected by the Oslo Philharmonic Orchestra as Norway&#8217;s representative for the &#8220;Nordic Soloist Prize&#8221;.<\/p>\n<p>Miriam Helms \u00c5lien is currently studying as a young soloist at the Kronberg Academy with Ana Chumachenco as well as with Tabea Zimmermann. The studies are financed by an Artmann\/Rath scholarship. Previously, she studied at the Hochschule f\u00fcr Musik und Theater in Munich, the Hochschule f\u00fcr Musik Hanns Eisler in Berlin and the Barratt Due Music Institute in Oslo. She was also a scholarship holder at the International Music Academy in Liechtenstein and participated in the intensive weeks there. Her former teachers include Ulf Wallin, Stephan Barratt-Due, and Alf Richard and Henning Kraggerud. She was further inspired by master classes with artists such as Sir Simon Rattle, Ida Haendel, Shmuel Ashkenasi, Christoph Eschenbach, G\u00e1bor Tak\u00e1cs-Nagy, Miriam Fried and Mauricio Fuks.<\/p>\n<p>Miriam Helms \u00c5lien plays a Guadagnini violin from 1780, made available to her by a generous private patron.<\/p>\n","protected":false},"featured_media":3446,"template":"","meta":{"_acf_changed":false},"categories":[54],"class_list":["post-3998","artists","type-artists","status-publish","has-post-thumbnail","hentry","category-2019-spring"],"acf":[],"_links":{"self":[{"href":"https:\/\/alpenarte.eu\/en\/wp-json\/wp\/v2\/artists\/3998","targetHints":{"allow":["GET"]}}],"collection":[{"href":"https:\/\/alpenarte.eu\/en\/wp-json\/wp\/v2\/artists"}],"about":[{"href":"https:\/\/alpenarte.eu\/en\/wp-json\/wp\/v2\/types\/artists"}],"wp:featuredmedia":[{"embeddable":true,"href":"https:\/\/alpenarte.eu\/en\/wp-json\/wp\/v2\/media\/3446"}],"wp:attachment":[{"href":"https:\/\/alpenarte.eu\/en\/wp-json\/wp\/v2\/media?parent=3998"}],"wp:term":[{"taxonomy":"category","embeddable":true,"href":"https:\/\/alpenarte.eu\/en\/wp-json\/wp\/v2\/categories?post=3998"}],"curies":[{"name":"wp","href":"https:\/\/api.w.org\/{rel}","templated":true}]}}

Miriam Helms Ålien

<p>Praised for her &#8220;exceptional musicality&#8221; and &#8220;maturity beyond her years,&#8221; Miriam Helms Ålien is one of Norway&#8217;s most exciting young artists of recent years. Born in Alta, Norway, she began playing the violin at the age of six. Since her debut as a soloist at the age of eight, she has performed with numerous Norwegian orchestras as well as orchestras in Denmark, Germany, Israel, Italy, Russia and the Czech Republic. Her recent performances include appearances with the Bergen Philharmonic Orchestra, Trondheim Symphony Orchestra, Norwegian Radio Orchestra, Arctic Philharmonic, Israel Netanya Orchestra, Norwegian Chamber Orchestra, Czech Philharmonic Orchestra Pardubice, Tromsø Symphony Orchestra, Arkhangelsk Chamber Orchestra and Oslo Camerata.</p>
<p>A dedicated and passionate chamber musician, Miriam Helms Ålien has been invited to perform at numerous festivals, including the Bergen International Festival, Kissinger Sommer, Beethoven Week Bonn, Verbier Festival &amp; Academy, Chamber Music Connects the World in Kronberg, Open Chamber Music in Prussia Cove, and the international chamber music festivals in Oslo, Trondheim and Risør. She has also collaborated with renowned artists such as András Schiff, Gidon Kremer, Tabea Zimmermann, Radovan Vlatkovic, Steven Isserlis and Dora Schwarzberg. Miriam Helms Ålien has already appeared in well-known concert halls such as the Wigmore Hall and the Norwegian Opera House. She is also a regular guest on international television and radio programs.</p>
<p>In 2012, the young violinist received the prestigious &#8220;Princess Astrid Music Prize&#8221;. Already in 2007 she won the 1st prize as well as the &#8220;Grand Prix&#8221;, the &#8220;EMCY Prize&#8221; and the &#8220;Bärenreiter Prize&#8221; at the &#8220;Kocian Violin Competition&#8221; in the Czech Republic. In addition, Miriam Helms Ålien was awarded the &#8220;Sparre Olsen Prize&#8221; in 2009 and the &#8220;Norwegian Music Publishers Prize of Honour&#8221; the following year, and was named Norway&#8217;s &#8220;Young Musician of the Year 2010&#8221;. She was selected by the Oslo Philharmonic Orchestra as Norway&#8217;s representative for the &#8220;Nordic Soloist Prize&#8221;.</p>
<p>Miriam Helms Ålien is currently studying as a young soloist at the Kronberg Academy with Ana Chumachenco as well as with Tabea Zimmermann. The studies are financed by an Artmann/Rath scholarship. Previously, she studied at the Hochschule für Musik und Theater in Munich, the Hochschule für Musik Hanns Eisler in Berlin and the Barratt Due Music Institute in Oslo. She was also a scholarship holder at the International Music Academy in Liechtenstein and participated in the intensive weeks there. Her former teachers include Ulf Wallin, Stephan Barratt-Due, and Alf Richard and Henning Kraggerud. She was further inspired by master classes with artists such as Sir Simon Rattle, Ida Haendel, Shmuel Ashkenasi, Christoph Eschenbach, Gábor Takács-Nagy, Miriam Fried and Mauricio Fuks.</p>
<p>Miriam Helms Ålien plays a Guadagnini violin from 1780, made available to her by a generous private patron.</p>
