{"id":3963,"date":"2023-02-15T21:33:34","date_gmt":"2023-02-15T20:33:34","guid":{"rendered":"https:\/\/alpenarte.eu\/artists\/barbara-chemelli\/"},"modified":"2023-04-20T15:13:43","modified_gmt":"2023-04-20T13:13:43","slug":"barbara-chemelli","status":"publish","type":"artists","link":"https:\/\/alpenarte.eu\/en\/artists\/barbara-chemelli\/","title":{"rendered":"Barbara Chemelli"},"content":{"rendered":"<p>The flutist Barbara Chemelli was born in Landeck in Tyrol (Austria). She attended the Musikgymnasium in Feldkirch and studied at the Vorarlberger Landeskonservatorium with Eva Amsler, Karl-Heinz Sch\u00fctz and Eugen Bertel. At a young age she won several first prizes at youth competitions and continued her studies at the Hochschule f\u00fcr Musik und Theater in Munich with Andr\u00e1s Adorj\u00e1n and in the master class of Andrea Lieberknecht. Here she also completed her master&#8217;s degree in new music.<br \/>\nBarbara Chemelli was an academist with the Bavarian Orchestra Academy and the Munich Symphony Orchestra, solo flutist with the D\u00fcsseldorf Symphony Orchestra\/Deutsche Oper am Rhein and the NDR Radiophilharmonie Hannover, and principal flutist with the Finnish Radio Symphony Orchestra Helsinki. Since September 2015 she has been playing in the Mozarteumorchester Salzburg and can be heard time and again as a soloist and with the Mozart Quartet Salzburg.<\/p>\n","protected":false},"featured_media":3478,"template":"","meta":{"_acf_changed":false},"categories":[49],"class_list":["post-3963","artists","type-artists","status-publish","has-post-thumbnail","hentry","category-2017-fruehjahr-en"],"acf":[],"_links":{"self":[{"href":"https:\/\/alpenarte.eu\/en\/wp-json\/wp\/v2\/artists\/3963","targetHints":{"allow":["GET"]}}],"collection":[{"href":"https:\/\/alpenarte.eu\/en\/wp-json\/wp\/v2\/artists"}],"about":[{"href":"https:\/\/alpenarte.eu\/en\/wp-json\/wp\/v2\/types\/artists"}],"wp:featuredmedia":[{"embeddable":true,"href":"https:\/\/alpenarte.eu\/en\/wp-json\/wp\/v2\/media\/3478"}],"wp:attachment":[{"href":"https:\/\/alpenarte.eu\/en\/wp-json\/wp\/v2\/media?parent=3963"}],"wp:term":[{"taxonomy":"category","embeddable":true,"href":"https:\/\/alpenarte.eu\/en\/wp-json\/wp\/v2\/categories?post=3963"}],"curies":[{"name":"wp","href":"https:\/\/api.w.org\/{rel}","templated":true}]}}

<p>The flutist Barbara Chemelli was born in Landeck in Tyrol (Austria). She attended the Musikgymnasium in Feldkirch and studied at the Vorarlberger Landeskonservatorium with Eva Amsler, Karl-Heinz Schütz and Eugen Bertel. At a young age she won several first prizes at youth competitions and continued her studies at the Hochschule für Musik und Theater in Munich with András Adorján and in the master class of Andrea Lieberknecht. Here she also completed her master&#8217;s degree in new music.<br />
Barbara Chemelli was an academist with the Bavarian Orchestra Academy and the Munich Symphony Orchestra, solo flutist with the Düsseldorf Symphony Orchestra/Deutsche Oper am Rhein and the NDR Radiophilharmonie Hannover, and principal flutist with the Finnish Radio Symphony Orchestra Helsinki. Since September 2015 she has been playing in the Mozarteumorchester Salzburg and can be heard time and again as a soloist and with the Mozart Quartet Salzburg.</p>
